mine c(35).
7
Let q(i) = -2*i**2 + 41*i - 114. Calculate q(17).
5
Let k(u) = u**3 - u**2. Give k(1).
0
Let j(d) = -8*d + 90. Calculate j(13).
-14
Let w(k) = -2*k**2 - 117*k - 270. Give w(-56).
10
Let i(g) = -g**2 + 3*g + 7. Give i(7).
-21
Let c(p) = -9*p - 14. What is c(-3)?
13
Let t(y) = -7*y + 18. Determine t(6).
-24
Let p(n) = n**2 + 8*n + 4. Determine p(-5).
-11
Let l(o) = o**3 + 21*o**2 + 23*o + 72. Calculate l(-20).
12
Let k(g) = -5*g - 6. What is k(-3)?
9
Let f(x) = x**2 + 12*x + 6. Give f(-13).
19
Let q(g) = -3*g + 20. What is q(8)?
-4
Let n(i) = -4*i - 20. What is n(-4)?
-4
Let s(z) = z**2 - 3*z - 91. Calculate s(11).
-3
Let q(a) = a**3 - 2*a**2 - 4*a + 15. What is q(3)?
12
Let w(f) = f**3 + 9*f**2 + 2*f - 3. Determine w(-8).
45
Let l(s) = 2*s - 4. Determine l(7).
10
Let n(c) = 53*c - 2. Calculate n(0).
-2
Let w(i) = -3*i**2 - 12*i + 50. Give w(3).
-13
Let s(o) = o**2 + o + 1. What is s(-5)?
21
Let j(w) = -w**3 + 8*w**2 + 14*w + 68. What is j(10)?
8
Let c(h) = h**3 - 11*h**2 + 12*h - 21. Calculate c(10).
-1
Let k(g) = g**3 + g - 2. Give k(3).
28
Let s(u) = -2*u**3 + 2*u**2 - 2*u + 7. Determine s(3).
-35
Let s(n) = 3*n**3 + 3*n**2 + n + 4. Determine s(-3).
-53
Let m(y) = 10*y + 1. What is m(-3)?
-29
Let q(b) = b**3 - b**2 + 4. Give q(-2).
-8
Let k(w) = 3*w**3 - w**2 - 2*w + 3. Determine k(1).
3
Let y(l) = l**3 + 11*l**2 + 4*l - 2. What is y(-10)?
58
Let i(z) = 38*z - 11. Calculate i(2).
65
Let z(u) = 7*u + 10. Calculate z(-2).
-4
Let h(i) = 5*i**2 + 3*i + 1. Determine h(-2).
15
Let q(j) = -j**3 + 2*j**2 + j. Calculate q(4).
-28
Let t(f) = 2*f - 7. Calculate t(7).
7
Let c(h) = h**3 + 8*h**2 + 3*h + 8. Calculate c(-7).
36
Let n(v) = v - 3. What is n(-6)?
-9
Let d(p) = -2*p + 1. What is d(-1)?
3
Let y(a) = -9*a**3 - 3*a**2 - 3*a - 1. What is y(-1)?
8
Let r(q) = q**3 + 37*q**2 + 34*q - 82. Give r(-36).
-10
Let x(w) = 2*w**3 - 3*w**2 + 1. Give x(2).
5
Let l(p) = -3*p - 8. Calculate l(2).
-14
Let r(g) = g**2 + 3*g + 6. Determine r(-5).
16
Let w(g) = g**3 - 10*g**2 - 10*g - 5. Calculate w(11).
6
Let x(t) = -3*t**3 - 3*t**2 - t - 10. Calculate x(-3).
47
Let c(i) = -2*i**2 + 2*i - 4. What is c(-3)?
-28
Let z(t) = 26*t**2. Calculate z(1).
26
Let t(r) = r**3 - 12*r**2 + r - 1. Give t(12).
11
Let h(j) = -j**3 - j**2 + 13. What is h(0)?
13
Let l(z) = -34*z - 186. Determine l(-5).
-16
Let z(u) = -21*u - 4. Give z(0).
-4
Let d(h) = -h**2 - h + 3. Give d(5).
-27
Let c(d) = -14*d - 50. Give c(-4).
6
Let d(s) = -55*s**3 + s**2 + 3*s + 2. Give d(-1).
55
Let m(h) = -h**3 + 16*h**2 - 38*h - 7. Give m(13).
6
Let c(b) = -b**3 + 7*b**2 + 9*b - 9. Give c(6).
81
Let m(d) = d**3 + d**2 - 4*d + 2. Give m(3).
26
Let a(t) = -7*t**2 - 2*t + 1. Determine a(-3).
-56
Let p(w) = -w**3 + w**2 + 2*w + 4. Determine p(3).
-8
Let i(v) = 59*v + 18. Give i(2).
136
Let r(o) = -4*o**2 + o - 1. Determine r(2).
-15
Let h(c) = -c**3 - 7*c**2 + 2*c + 9. Give h(-7).
-5
Let d(r) = 3*r - 20. Calculate d(6).
-2
Let d(h) = -h**2 - 10*h + 114. Determine d(-16).
18
Let a(k) = 3*k - 15. Give a(5).
0
Let w(j) = -j + 13. Calculate w(5).
8
Let t(s) = 3*s + 86. Calculate t(-13).
47
Let p(h) = -h**3 - 11*h**2 + 12*h + 6. Calculate p(-12).
6
Let x(l) = l + 1. Calculate x(1).
2
Let x(f) = f**2 - 6*f + 20. What is x(6)?
20
Let s(b) = b**2 + 4*b - 4. Determine s(4).
28
Let c(v) = -11*v**2 + 30*v + 5. Determine c(3).
-4
Let m(y) = -y**3 + 5*y**2 - 2*y + 1. Calculate m(5).
-9
Let q(v) = 3*v**2 - 21*v + 10. Give q(7).
10
Let y(h) = h**3 + 6*h**2 + 3*h - 5. Calculate y(-4).
15
Let f(m) = 2*m**3 + 4*m**2 - 4*m + 5. What is f(-3)?
-1
Let z(q) = -q**3 + 11*q**2 - 10*q + 6. Determine z(10).
6
Let z(q) = -q**2 + 13*q - 37. Determine z(7).
5
Let n(g) = g**3 - g**2 - 130*g - 22. Calculate n(12).
2
Let l(z) = z**2 - 10*z + 31. Determine l(13).
70
Let o(n) = n**3 + 19*n**2 - 40*n + 36. Calculate o(-21).
-6
Let q(d) = -d**2 - 5*d + 9. What is q(-7)?
-5
Let s(w) = w + 22. Determine s(-9).
13
Let r(k) = 23*k**2 + k - 1. Give r(1).
23
Let l(n) = -2*n**3 - 14*n**2 - 6*n - 3. Give l(-7).
39
Let c(i) = 15*i - 6. Determine c(2).
24
Let j(m) = 5*m - 40. Determine j(6).
-10
Let s(m) = -m**3 - 2*m**2 - 5*m - 6. Determine s(-5).
94
Let n(s) = -14*s - 34. Calculate n(-3).
8
Let j(w) = w**3 + 8*w**2 + 8*w + 7. What is j(-7)?
0
Let b(z) = -18*z**3 - 2*z**2 - 4*z - 2. Give b(-1).
18
Let g(p) = 2*p**2 - 37*p + 117. Calculate g(4).
1
Let p(j) = -j**3 - 7*j**2 - 2*j - 13. Calculate p(-4).
-53
Let o(c) = -3*c**2 - 6*c - 6. What is o(-4)?
-30
Let k(l) = l**2 + 3*l - 1. Calculate k(3).
17
Let k(n) = n**2 + 2*n + 5. Calculate k(-6).
29
Let b(v) = -2*v**2 - 29*v + 52. Calculate b(-16).
4
Let a(i) = i**2 + 2*i - 2. Determine a(5).
33
Let d(s) = s**2 + 11. Determine d(3).
20
Let n(y) = -74*y - 60. Give n(-1).
14
Let z(a) = a**3 + 10*a**2 + 12*a - 4. Give z(-9).
-31
Let t(m) = 23*m - 822. Determine t(36).
6
Let y(n) = -3*n + 2. Calculate y(6).
-16
Let a(d) = -d. Determine a(2).
-2
Let p(c) = -c**3 - 7*c**2 - 6*c + 3. Calculate p(-5).
-17
Let d(a) = 8*a - 15. Determine d(6).
33
Let o(p) = p**3 + 8*p**2 - 30*p - 234. What is o(-8)?
6
Let n(c) = 4*c - 6. Calculate n(-1).
-10
Let y(r) = -r**2 - 15*r - 49. Calculate y(-10).
1
Let y(m) = m**3 + 5*m**2 - 5*m + 8. What is y(-6)?
2
Let m(v) = -v**3 + 16*v**2 - 12*v - 9. Give m(15).
36
Let q(b) = -b**2 + 43*b - 430. Give q(27).
2
Let q(a) = -a**2 - 45*a + 91. Determine q(-47).
-3
Let t(p) = p**2 - 12*p + 5. Determine t(10).
-15
Let x(l) = -l**2 + 2*l - 6. Determine x(-5).
-41
Let h(s) = 11*s**3 - 3*s**2 + 3*s - 1. Determine h(1).
10
Let l(c) = -c**2 + 20*c + 31. What is l(19)?
50
Let u(d) = 2*d**2 - 10*d. Give u(5).
0
Let k(s) = -2*s**2 - s + 2. What is k(-2)?
-4
Let d(h) = h**2 + 2*h. What is d(-8)?
48
Let q(m) = -m + 3. What is q(0)?
3
Let w(a) = -a**3 + 6*a**2 - 5*a + 1. Calculate w(4).
13
Let n(o) = 5*o**2 + 8*o. Calculate n(-6).
132
Let y(w) = -2*w**2 + 15*w + 23. What is y(13)?
-120
Let u(x) = x**2 + 6*x - 10. What is u(-7)?
-3
Let f(i) = i. Give f(-12).
-12
Let n(l) = 74*l + 808. Calculate n(-11).
-6
Let x(c) = c**3 + c**2 + c + 20. Give x(0).
20
Let b(j) = -j**3 - 5*j**2 - 4. Give b(-5).
-4
Let l(y) = y + 25. Calculate l(0).
25
Let p(r) = r**3 - 7*r**2 + 7*r - 12. Calculate p(6).
-6
Let k(f) = -4*f**2 - 153*f - 41. What is k(-38)?
-3
Let v(f) = 50*f - 1447. Calculate v(29).
3
Let i(o) = o**3 + 14*o**2 + 17*o + 33. What is i(-13)?
-19
Let j(q) = q**3 - 13*q**2 + 57*q - 9. Determine j(7).
96
Let j(u) = -u**2 + 34*u - 34. What is j(33)?
-1
Let m(n) = n**3 - 20. Give m(0).
-20
Let b(q) = -6*q - 15. Determine b(-2).
-3
Let q(r) = r**2 - 16*r - 15. Give q(17).
2
Let g(b) = b**3 + 35*b**2 - 37*b - 19. What is g(-36)?
17
Let l(h) = 4*h + 28. Determine l(-7).
0
Let j(q) = 8*q - 41. What is j(11)?
47
Let f(o) = -o**3 - 5*o**2 - 2*o + 4. What is f(-4)?
-4
Let q(g) = 14*g + 175. Calculate q(-12).
7
Let w(q) = 4*q**2 + 29*q - 28. Calculate w(-8).
-4
Let z(b) = b**3 - 36*b**2 + 128*b + 6. Calculate z(32).
6
Let u(i) = i**2 - 5*i - 3. What is u(4)?
-7
Let a(i) = i**3 - 38*i**2 + 71*i + 29. Give a(36).
-7
Let s(n) = 48*n + 156. Determine s(-3).
12
Let d(q) = -q**3 - 8*q**2 - 7*q - 1. Determine d(-7).
-1
Let h(i) = i - 5. What is h(1)?
-4
Let q(d) = 3*d + 11. Give q(-10).
-19
Let v(y) = 54*y - 13. Determine v(3).
149
Let x(o) = 2*o**2 + 6. Give x(0).
6
Let s(y) = y**3 - 3*y**2 - 4*y + 6. What is s(4)?
6
Let b(x) = -12*x**3 + x**2 - x. Determine b(1).
-12
Let b(o) = 18*o + 15. Give b(5).
105
Let y(q) = q**2 - 2*q - 2. Give y(2).
-2
Let c(k) = k - 5. Determine c(11).
6
Let q(i) = -9*i + 4. Calculate q(2).
-14
Let o(x) = 4*x - 49. What is o(11)?
-5
Let g(m) = -m**2 + 5*m + 8. Determine g(6).
2
Let k(q) = -2*q**3 + 2*q**2 - q. Give k(2).
-10
Let w(l) = 3*l**2 + 29*l + 38. What is w(-8)?
-2
Let i(q) = q**3 + 13*q**2 + 10*q - 20. What is i(-12)?
4
Let v(k) = 4*k**2 + 21*k + 2. What is v(-5)?
-3
Let m(k) = -29*k - 128. Give m(-4).
-12
Let l(z) = -z**3 + 4*z**2 - 5*z + 16. Calculate l(4).
-4
Let l(w) = -2*w**2 - 2*w + 5. Calculate l(4).
-35
Let m(t) = -t**3 - t**2 - 5*t - 17. Determine m(-2).
-3
Let r(d) = -d**3 + 5*d**2 - 4*d - 4. Give r(3).
2
Let o(w) = 5*w + 26. What is o(-6)?
-4
Let m(q) = -q - 29. Calculate m(-13).
-16
Let w(p) = 2*p**3 + 2*p**2 + p + 1. What is w(-2)?
-9
Let i(c) = c**3 - 15*c**2 + 14*c 